54*i - 333. Give u(53).
-15
Let r(n) = -n**3 - 288*n**2 - 2990*n - 4829. Determine r(-2).
7
Let r(u) = -u**3 + 16*u**2 + 487*u - 7750. Calculate r(15).
-220
Let t(a) = 414*a + 19208. What is t(-45)?
578
Let f(z) = -3*z**3 - 120*z**2 + 257*z + 5489. Give f(-41).
-5
Let d(v) = v**2 + 23*v + 170. Calculate d(-10).
40
Let b(j) = -j**3 - 10*j**2 + 70*j - 11. Determine b(-7).
-648
Let r(k) = -297*k**2 - 1485*k - 2968. Give r(-2).
-1186
Let x(y) = y**3 + 35*y**2 - 123*y - 302. Give x(-38).
40
Let y(h) = 15*h**3 + 46*h**2 + 140*h + 241. Determine y(-2).
25
Let w(t) = 434*t + 1986. Calculate w(-6).
-618
Let d(v) = 2*v**3 - 1189*v**2 + 66*v + 313560. Calculate d(594).
-72
Let s(a) = 2*a**3 + 7146*a**2 + 28557*a + 27. Calculate s(-4).
7
Let j(r) = r**2 + 2417*r - 228213. What is j(91)?
15
Let v(h) = 11*h**3 + 1488*h**2 + 396*h - 1200. Determine v(-135).
15
Let i(x) = -2*x**3 - 844*x**2 - 22063*x + 400. What is i(-394)?
6
Let n(w) = -w**2 + 4741*w - 66181. Give n(14).
-3
Let m(y) = -3*y**2 + 273*y + 7849. What is m(-23)?
-17
Let f(l) = -72270*l - 722693. Calculate f(-10).
7
Let w(v) = -1061*v + 22303. Calculate w(21).
22
Let g(v) = -84*v - 1466. Give g(-17).
-38
Let t(y) = 27*y**2 + 3403*y + 17013. Calculate t(-5).
673
Let n(i) = -48577*i - 2866050. What is n(-59)?
-7
Let o(k) = -2*k**3 - 131*k**2 + 26*k - 3507. Calculate o(-66).
-867
Let g(t) = -1379*t + 48254. Calculate g(35).
-11
Let d(n) = 2267*n**2 - 70283*n - 6. Calculate d(31).
-192
Let v(h) = 36263*h + 253838. Calculate v(-7).
-3
Let l(d) = 13*d**3 + 5*d**2 + 705*d - 2124. Give l(3).
387
Let o(y) = -3*y**3 - 11*y**2 + 19*y - 38. Determine o(6).
-968
Let z(c) = -11239*c - 269721. Give z(-24).
15
Let c(p) = -p**2 - 185*p - 8078. Determine c(-49).
-1414
Let w(u) = 4*u**3 + 98*u**2 + 3159*u + 86182. Calculate w(-26).
-8
Let h(n) = -7*n**2 - 535*n + 13968. What is h(26)?
-4674
Let d(r) = 605*r + 27666. Calculate d(-57).
-6819
Let c(h) = -2*h**2 - 201*h + 20500. Give c(63).
-101
Let l(k) = -129831*k + 5323082. Give l(41).
11
Let r(b) = -184*b**2 + 235*b + 1828. Give r(4).
-176
Let k(p) = 843*p - 15086. What is k(17)?
-755
Let r(y) = 2*y**3 - 48*y**2 + 18*y - 56. Determine r(-7).
-3220
Let s(h) = -438*h + 26197. What is s(60)?
-83
Let n(s) = 3*s**3 + 44*s**2 + 54*s + 37. Determine n(-13).
180
Let t(h) = 8500*h + 798919. Determine t(-94).
-81
Let h(y) = 72*y**2 + 2665*y + 87. What is h(-37)?
50
Let u(a) = 12009*a - 23510. Determine u(2).
508
Let u(a) = -5*a**3 - 105*a**2 + 39*a - 11. What is u(0)?
-11
Let q(o) = -3*o**3 + 535*o**2 - 713*o - 1378. Calculate q(177).
-2263
Let f(k) = -498*k**2 - 3573*k - 530. Calculate f(-7).
79
Let x(u) = 950*u - 130048. Calculate x(137).
102
Let o(r) = r**2 - 6064*r - 72917. Calculate o(-12).
-5
Let s(p) = -p**3 - 29*p**2 + 922*p - 231. Give s(19).
-41
Let p(l) = l**3 - 1017*l**2 - 4083*l - 1022. Determine p(1021).
-1
Let z(s) = 6848*s - 47938. What is z(7)?
-2
Let d(f) = -4443*f + 630953. Give d(142).
47
Let x(l) = -l**2 + 100*l + 7236. What is x(149)?
-65
Let a(y) = -y**2 + 371*y + 6540. What is a(-17)?
-56
Let x(i) = -221*i - 5689. Calculate x(-26).
57
Let h(r) = 268*r**2 - 290*r + 858. Determine h(3).
2400
Let o(y) = y**3 - y**2 - 220*y + 1649. Give o(8).
337
Let n(x) = x**3 - 73*x**2 + 489*x + 66. Determine n(8).
-182
Let m(j) = -413444*j + 826879. What is m(2)?
-9
Let z(a) = 27938*a + 335237. What is z(-12)?
-19
Let h(f) = -f**3 - 66*f**2 + 352*f + 36. Determine h(-71).
249
Let m(l) = -36176*l + 217072. Determine m(6).
16
Let d(g) = -4*g**3 + 5*g**2 - 188*g + 1805. Calculate d(9).
-2398
Let z(x) = -13*x**2 - 3112*x - 1174. Give z(-239).
21
Let l(m) = -m**3 - 88*m**2 + 375*m + 642. Determine l(-92).
-2
Let q(x) = 64819*x - 64895. Determine q(1).
-76
Let b(c) = -8*c**2 - 361*c - 1871. Calculate b(-5).
-266
Let u(t) = -2*t**2 - 236*t + 8194. What is u(-147)?
-332
Let p(d) = 2*d**3 - 29*d**2 - 1390*d - 4005. Calculate p(-18).
-45
Let r(q) = -q**3 + q**2 + 76*q - 60. What is r(11)?
-434
Let j(r) = 602*r - 121639. Determine j(202).
-35
Let k(g) = g**3 + 18*g**2 - 1423*g + 5384. Calculate k(4).
44
Let m(c) = 74*c**2 - 31*c + 23. What is m(-2)?
381
Let l(a) = -9*a**2 + 131*a + 967. What is l(20)?
-13
Let a(p) = p**3 + 42*p**2 + 935*p + 36554. Give a(-41).
-100
Let t(w) = 2*w**3 + 110*w**2 - 1875*w + 28112. What is t(-71)?
-75
Let q(y) = -y**2 - 6165*y + 123691. Calculate q(20).
-9
Let k(v) = 1096*v - 283796. What is k(259)?
68
Let t(j) = -11*j**2 - 17052*j + 17054. Determine t(1).
-9
Let f(l) = 463*l**2 - 3228*l - 45. Determine f(7).
46
Let y(d) = -233*d - 4299. Give y(-18).
-105
Let p(g) = -g**3 + 31*g**2 + 146*g - 4649. Calculate p(31).
-123
Let f(v) = -3*v**3 - 277*v**2 - 2897*v - 4270. What is f(-10)?
0
Let z(u) = -5*u**3 - 351*u**2 + 4371*u + 19. Give z(-81).
262
Let r(s) = 711*s + 110218. Calculate r(-155).
13
Let j(r) = -36659*r + 3189322. Determine j(87).
-11
Let w(r) = -4*r**3 + 25*r**2 - 69*r + 426. Calculate w(6).
48
Let j(x) = 643*x - 2730. What is j(4)?
-158
Let h(z) = 96*z**2 + 60*z + 299. What is h(-4)?
1595
Let z(f) = 4*f**3 + 308*f**2 + 868*f - 1434. What is z(-74)?
46
Let z(f) = -2*f**2 - 129*f + 33575. Determine z(98).
1725
Let r(c) = -c**3 - 79*c**2 - 513*c - 445. Calculate r(-6).
5
Let i(r) = -21*r**2 - 2092*r + 795. What is i(-100)?
-5
Let x(o) = 386496*o - 1159485. What is x(3)?
3
Let r(u) = 73756*u + 516273. Calculate r(-7).
-19
Let p(u) = u**3 + 35*u**2 + 113*u + 1585. Calculate p(-26).
4731
Let k(q) = 60*q**2 - 148*q - 39. What is k(5)?
721
Let h(c) = 10947*c - 8685. Calculate h(1).
2262
Let s(p) = -1096*p - 94181. Calculate s(-86).
75
Let o(x) = 56*x + 1575. Determine o(-78).
-2793
Let o(w) = 1412310*w + 4236948. Determine o(-3).
18
Let w(o) = o**3 - 102*o**2 - 55*o - 4937. Determine w(103).
7
Let s(q) = -q**3 - 2*q**2 + 113*q - 1155. What is s(-15)?
75
Let q(a) = 8*a**3 - 67*a**2 + 110*a + 128. Calculate q(5).
3
Let u(k) = -2490*k + 6992. Give u(3).
-478
Let f(z) = -843*z**2 + 61*z + 66. Calculate f(-1).
-838
Let f(x) = -x**3 - 29*x**2 + 163*x - 277. Calculate f(-34).
-39
Let q(y) = -324*y**2 - 858*y - 8. Give q(-2).
412
Let z(k) = -64*k - 721. What is z(-17)?
367
Let r(w) = 18209*w + 141. Determine r(0).
141
Let f(n) = -13*n**2 + 363*n - 2215. Give f(22).
-521
Let i(d) = -2475*d - 24785. What is i(-10)?
-35
Let n(g) = -1418*g - 11370. What is n(-8)?
-26
Let j(t) = -13*t**2 - 3493*t - 19467. Calculate j(-263).
-5
Let r(o) = -8*o**2 + 1138*o - 24295. Give r(116).
65
Let i(s) = 1550*s + 17082. Calculate i(-11).
32
Let r(j) = -2*j**3 - 457*j**2 - 662*j + 4334. Determine r(-227).
21
Let y(i) = 288*i**2 + 11829*i - 69. Determine y(-41).
-930
Let w(a) = -75210*a + 902524. Give w(12).
4
Let w(p) = -p**3 + 355*p**2 - 8854*p - 446. Give w(328).
210
Let y(u) = 2853*u - 7509. Determine y(3).
1050
Let h(q) = -q**3 - 106*q**2 + 31056*q + 2142. What is h(-237)?
9
Let b(h) = -12*h**3 - 736*h**2 - 244*h - 51. Determine b(-61).
-51
Let h(d) = -2*d**3 - 266*d**2 + 3311*d - 1568. Give h(11).
5
Let m(z) = 874*z**2 - 12261*z + 32. Determine m(14).
-318
Let n(d) = 14289*d - 71629. What is n(5)?
-184
Let w(q) = 11*q**3 + 41*q**2 - 79*q - 38. Calculate w(-5).
7
Let n(d) = 83518*d - 417599. Determine n(5).
-9
Let h(g) = -1749*g + 6981. Determine h(4).
-15
Let q(c) = 6566*c - 682961. What is q(104)?
-97
Let z(y) = -130*y - 846. What is z(-20)?
1754
Let n(b) = -2*b**3 + 167*b**2 + 3515*b + 2146. Calculate n(101).
126
Let q(m) = -m**3 - m**2 + 16*m + 48. Give q(-7).
230
Let h(r) = -8550*r - 564333. What is h(-66)?
-33
Let a(s) = -11*s**2 + 602*s - 6075. What is a(10)?
-1155
Let h(m) = 104*m**2 + 166*m + 459. Determine h(-6).
3207
Let u(l) = 464*l + 23655. Determine u(-48).
1383
Let u(h) = 3*h**3 - 38*h**2 + 8*h + 93. What is u(12)?
-99
Let b(t) = 13*t**2 + 6303*t - 779. Give b(-485).
191
Let x(n) = 9*n**2 + 368*n + 3753. Give x(-10).
973
Let l(p) = -5*p**2 + 1181*p + 7948. What is l(242)?
930
Let v(z) = -3*z**3 + 227*z**2 - 1024*z - 2. Give v(5).
178
Let t(m) = -14900285*m + 59601143. What is t(4)?
3
Let q(n) = -247*n**3 + 5*n**2 - 4. Give q(1).
-246
Let v(g) = g**2 + 2765*g - 373337. Calculate v(129).
-11
Let x(b) = -585*b - 10034. Determine x(-17).
-89
Let x(j) = -786*j**2 + 330*j - 9. Calculate x(-1).
-1125
Let o(w) = w**3 + 202*w**2 - 5135*w + 9088. Give o(-225).
88